 = y + 173. Give v(n).
-16
Let z(q) = q**3 + 20*q**2 + 37*q + 19. Let w be z(-18). Let u(p) = -p**3 + 6*p**2 - 5*p. Let b(y) = y**2 - y + 1. Let m(k) = w*u(k) - 2*b(k). Give m(3).
-2
Let z(u) = -6*u**2 + 0 + 4*u**2 + 1 + 3*u + 9*u**2 - 4. Let a be z(1). Let f(w) = w**3 - 7*w**2 - 8. Determine f(a).
-8
Suppose 5*i + 6*z - 28 = 3*z, -24 = -5*i + z. Suppose -4*w - i*v = -4 - 2, 4*v = 2*w + 10. Let k be (w - 3) + 9 - 2. Let j(r) = 2*r + 4. Calculate j(k).
10
Suppose 2*p - 7*p = 5*m + 5, -3*m = -3*p - 9. Let x = -1 - p. Let h(v) be the third derivative of v**5/6 - v**4/12 + v**3/6 - 9*v**2. Calculate h(x).
9
Let p(m) be the first derivative of -m**4/4 + 10*m**3/3 - 7*m**2/2 - 14*m - 5. Let w be p(9). Let h(x) = 284 - 2*x - 3*x + w*x - 282. Give h(-9).
11
Let f(i) = -5*i - 4. Suppose 5*t = 86 - 31. Let n(y) = 44*y + 13. Let l(r) = -9*r - 1. Let v(q) = 5*l(q) + n(q). Let z be v(t). What is f(z)?
11
Suppose 72*c = 383*c - 2457*c + 8584. Let o(i) = 5*i + 1 - 3*i**3 - 2*i**2 + 2*i**3 + 3*i**2. Give o(c).
-27
Let p(u) = -u**2 - 3 + 0*u**2 + 4 - 4*u. Let f be (10 - 8)*(-3)/(-2). Suppose -4*w - 10 = -0*z + z, 0 = f*w + 6. What is p(z)?
5
Let t(f) = -25270549 - f + 3*f + 25270550. Let q(h) = 7 - 17*h + 7*h + 0*h**2 + h**2. Let j be q(9). Give t(j).
-3
Let h = -15162 + 15173. Let d(t) = -12*t + 153. Calculate d(h).
21
Let s(z) = z**3 + 5. Let y be s(-3). Let v be (-48)/y + (12/33)/(-2). Let o(u) = v + 10 + u + 0. What is o(-6)?
6
Let x(t) be the second derivative of 5*t**4/6 - 7*t**3/3 - 7*t**2 - 2263*t - 1. Calculate x(-1).
10
Let p(x) = -x**3 - 6*x**2 + 3*x - 12. Let y = 13223 + -13230. Calculate p(y).
16
Suppose x - 49 = 5*h, 5*h - 5*x - 135 = -160. Let w(q) = q**3 + 11*q**2 + 3*q + 49. What is w(h)?
16
Let i(u) be the second derivative of -u**5/60 - 3*u**4/8 - 3*u**3/2 + 19*u**2 + 12*u - 3. Let j(b) be the first derivative of i(b). What is j(-6)?
9
Let n(h) be the second derivative of -h**5/20 - h**4/2 + h**3 - 4*h**2 + 4*h. Suppose -24*s + 4030 + 794 = 0. Let g = 194 - s. Determine n(g).
-1
Suppose -424*j + 426*j + h = -3, -4*h - 12 = 0. Let x(g) be the third derivative of -7/24*g**4 + 0 + j*g + 25*g**2 - 1/3*g**3. Determine x(3).
-23
Let z(d) = 8*d**3 - 2*d**2 - d + 2. Let x be z(1). Let m(k) = -13 + k - 6 + 2*k - x. Let j be m(10). Let p(g) = g**2 - 6*g - 2. Determine p(j).
-10
Let j(y) be the second derivative of y**4/3 - y**3/6 + y**2/2 - 2*y - 94. Give j(-1).
6
Let a be -6 + 7 + 2 - 2*(-1 - -4). Let n(q) = -q - 6. Let v(m) = -2*m - 5. Let h(u) = -2*n(u) + 3*v(u). Determine h(a).
9
Let r(v) = -5*v**2 + 4*v - 3. Let t(i) = i**2. Let x(s) = -r(s) - 4*t(s). Let l(j) = -2*j + 26. Suppose 0 = 3*c - 7*c + 48. Let a be l(c). Calculate x(a).
-1
Let m(j) = 0 + 2601*j**3 - 19*j**2 + 19 - 25*j - 2600*j**3. Determine m(20).
-81
Suppose 4*u + 3*h - 83 = 0, 2*u = 6*h - 5*h + 39. Suppose 4*g + 84*w - 89*w = 56, 4*g + 4*w - u = 0. Let q(p) = p**3 - 11*p**2 + 20*p - 22. Give q(g).
-4
Let y(z) be the first derivative of -z**6/360 + 13*z**5/120 + 3*z**4/4 - 67*z**3 + 61. Let c(g) be the third derivative of y(g). What is c(13)?
18
Let s(x) be the third derivative of x**4/24 + x**3/3 - 2*x**2. Let n be (-1)/(-1) - (12/(-4) - -2). Let h be (1/n)/(3/24). Determine s(h).
6
Let j = -532 - -560. Let h(k) = -3*k + 74. Let t be h(j). Let s(v) = -v**3 - 9*v**2 + 8*v + 4. Give s(t).
24
Suppose 3*r = c - 10, -r + 5*c - 5 = 3*c. Let f(d) = -d**2 - 6*d + 3. Calculate f(r).
12
Let n(s) = 4 - 8*s - 10*s**2 - 3 + 4*s + 9*s**2. Let b = 20 - 25. Let w(r) = r**3 + 6*r**2 + 6*r + 2. Let x be w(b). Give n(x).
4
Let a(z) = -331 + 678 - 466 + 5*z. Give a(23).
-4
Let k(t) = t**3 + t**2 - t. Let i(z) be the first derivative of 7/3*z**3 - 1/4*z**4 + 9/2*z**2 + 26 - 7*z. Let u be i(8). What is k(u)?
1
Let g(j) = 9*j**2 - 2*j + 1. Let u(f) = 14*f**2 + 3*f - 7. Let a(y) = -2*g(y) + u(y). Give a(5).
-74
Let h(m) be the second derivative of -m**5/4 - m**4/12 + m**3/6 + m**2/2 - 8*m. Suppose -4 = -325*j + 329*j. Calculate h(j).
4
Suppose 3*a - 2*l - 20 = -4*l, -2*a = -2*l - 10. Let o(v) = -281*v - 19. Let p(x) = -500*x - 33. Let d(j) = 16*o(j) - 9*p(j). Give d(a).
17
Suppose 0 = 2*u + 3*f - 25, u + 6 = -3*f + 11. Suppose 36*d - 41*d - u = 0. Let t(s) = -8*s - 2. Give t(d).
30
Let a(y) = -y**3 - y**2 + 9*y + 7. Let m = 2149 - 2152. Give a(m).
-2
Let p(j) = -j**2 + 4*j - 3*j - 2*j - 9 + 2*j. Let s = 317 + -310. Suppose s*o = 19*o - 11*o. Calculate p(o).
-9
Let d(l) = -24*l + 2. Let p = -2478 - -2476. Give d(p).
50
Let u(v) = -15 - 1 - 1 - 5 + 7715*v - 7719*v. Give u(-9).
14
Let y(t) = -39*t - 9. Let m(r) = 9*r + 2. Let k(w) = 9*m(w) + 2*y(w). Calculate k(14).
42
Let g(f) = -f**3 + 18*f**2 + 13*f + 10. Let y(r) = r**3 - 19*r**2 - 8*r - 10. Let m(d) = 2*g(d) + 3*y(d). Give m(21).
32
Let x(t) = -3*t**3 - 3*t**2 - 3 + 5*t + 4*t**3 + 6 - 3*t**3. Let a be 0*(-3)/(-15) - 0. Suppose a*q - 7*q = 21. Give x(q).
15
Let y(h) be the first derivative of -h**4/4 - 10*h**3/3 - 9*h**2 + 30*h + 3043. Determine y(-6).
-6
Let i(x) = 19*x + 5. Let g = -263 - -267. Let u(c) = 4*c. Let f(m) = g*u(m) - i(m). Give f(-4).
7
Let s(y) be the third derivative of y**5/60 - 11*y**4/12 + 13*y**3/3 - 4*y**2 + 3. What is s(20)?
-14
Let d(z) = -6*z**2. Let g(w) = -w**3 - w**2 + w + 3. Let i be g(-1). Suppose 0 = 4*r - 5*m - i + 3, -2 = -4*r + 2*m. Determine d(r).
-6
Suppose -3 = -i - 3*f, 4*i - 9*f = -11*f + 22. Let t = 14 + -7. Let r(g) = -5*g**2 + 8*g**2 - 8*g - 2*g**2 + t. Give r(i).
-5
Let f(k) = -k**3 + k**2 + k - 1. Let r(v) = 2*v**3 - 53*v**2 + 7*v + 26. Let n(h) = 6*f(h) + r(h). Determine n(-12).
8
Let s be 949/(-65) + 2/(-5). Let x(k) = k - 18. Calculate x(s).
-33
Suppose -2*t + t + 2 = 0. Let a(y) = -10 + 4*y + t*y - 9*y + 2*y. Let j = -317 - -310. Determine a(j).
-3
Let t(r) = 23*r - 15*r - 7*r. Let o = 238 + -237. Calculate t(o).
1
Let q = 178 - 166. Let w(z) = z**3 + 6*z**2 + 5*z + 4. Let l be w(-5). Suppose -14*t + l = -q*t. Let f(p) = -p**3 - 2*p**2 + 2*p + 2. Determine f(t).
-10
Let p(z) = z. Let r(l) = l**3 + 5*l**2 - 12*l + 8. Let b(x) = -4*p(x) - r(x). Let n be 61/(-183)*(63/3)/(-1 - -2). Give b(n).
34
Let o(s) = -7*s**2 - 10*s + 7. Let n(r) be the second derivative of -19*r**4/12 - 29*r**3/6 + 10*r**2 - 109*r. Let x(l) = -4*n(l) + 11*o(l). What is x(5)?
2
Suppose -2*o + x = -12 - 24, 0 = -o - 4*x + 18. Suppose 2 + o = 4*k. Suppose -2*g + 3*h - 1 = 0, 7*g = 4*g - k*h + 27. Let d(q) = q**2 - 2*q - 5. What is d(g)?
3
Let c(b) = 4 + b + 4*b**2 + b**2 - 1781*b**3 - 6 + 1 - 2*b**2 + 1782*b**3. Let x = -2 - 1. What is c(x)?
-4
Let q(y) = -73*y + 145. Let d(k) = 38*k - 74. Let u(s) = -19*d(s) - 10*q(s). Give u(6).
4
Let o(l) = -l**2 + 70205*l**3 - 4 - 35083*l**3 - 1 - 35084*l**3 - 5*l + 2*l**2. Calculate o(-1).
-37
Let s(k) = 37939 + 2*k**3 - 12645 + 3*k**2 - k**3 - 12647 - 12644 + 4*k. Give s(-2).
-1
Let t(h) be the first derivative of 19/2*h**2 - h - 42. Calculate t(1).
18
Let u(r) = -4*r - 383. Let p(t) = -12*t - 1277. Let v(d) = -3*p(d) + 10*u(d). Let x be -2 + (2 - 1) - 2. Give v(x).
13
Let q(h) = -h**3 + 22*h**2 - 23*h + 52. Suppose -105*i + 51*i = 153*i - 4347. What is q(i)?
10
Suppose 14*d + 30 = 9*d. Let k be 0/((-3)/3) + (-276)/d. Let p = 40 - k. Let m(l) = l**3 + 5*l**2 - 6*l + 1. Determine m(p).
1
Let r(c) = -249*c**2 + 9*c + 38. Let d(i) = 123*i**2 - 4*i - 16. Let k(p) = 7*d(p) + 3*r(p). Determine k(1).
115
Let q(b) be the second derivative of -b**5/20 + 3*b**4/4 - 13*b**3/6 + 17*b**2/2 - 6769*b. Determine q(9).
-100
Let j(n) = -3*n**3 - n**2 - 3*n - 4. Suppose 0 = -i + 2*u - 10 + 7, -i = -5*u + 3. Give j(i).
77
Suppose -11*j + 40 = 172. Let w(g) = 2*g + 5 + 4 - 1 - 12*g**2 + 11 - g**3. Let x be w(j). Let f(k) = -k**3 - 5*k**2 - 2*k - 5. Calculate f(x).
5
Let p(g) be the first derivative of 3*g**4/4 - g**3 + g**2/2 - 5*g + 442. Give p(3).
52
Suppose 5*i - 4 = 2*z - 24, -4*z + 4*i + 28 = 0. Let c(w) = 3*w**3 - 16*w**2 + 3*w + 11. Let l be c(z). Let s(y) = 26*y - 2. What is s(l)?
24
Let y(k) = -k**3 - 6*k**2 + 3*k - 2. Let v(r) = -r**2 - 16*r + 6. Let j be v(-5). Suppose -59 = 20*o + j. Calculate y(o).
-20
Let k(s) = 7*s**3 - 4*s**2 - 19*s + 5. Let c(y) = -2*y**2 - 76*y**3 + 151*y**3 - 9*y + 3 - 72*y**3. Let o(p) = 5*c(p) - 2*k(p). Give o(4).
9
Let l(y) be the second derivative of y**3/3 - 2*y**2 - y. Let h(r